tive of -s**4/24 + 2*s**3/3 - s**2/2 + 3*s. Let w(x) be the first derivative of o(x). What is w(4)?
0
Let r(k) = -1 + k - 6*k + 3*k + 3. Let d = -6 + 10. Determine r(d).
-6
Let i(r) be the third derivative of -r**5/60 + r**4/4 - r**3/3 + 6*r**2. Suppose -b + 3*b - 25 = -5*l, -l = -3*b + 12. Calculate i(b).
3
Let b = -20 + 32. Let i = 27 - b. Suppose 0*p - i = -3*f + p, 0 = 3*f + 2*p - 6. Let j(d) = d**2 - 2*d - 5. Give j(f).
3
Let m = 11 - 16. Let v(k) = k**2 + 4*k + 6. Calculate v(m).
11
Let t(k) be the first derivative of k**2 + k - 1. Determine t(-1).
-1
Let y(l) = l**3 - l**2 - l - 6. Let j be 0*(-3 + 15/6). What is y(j)?
-6
Let l be -2*(-1 - (-28)/8). Let d(n) = n**2 + 4*n - 6. Calculate d(l).
-1
Let o(h) be the third derivative of h**4/24 - 7*h**3/6 + 19*h**2. Calculate o(-6).
-13
Let v(u) = -5 - 3*u - u - 1 + 3*u. Calculate v(0).
-6
Let x = -9 - -14. Let f(a) = -a. Determine f(x).
-5
Let b(h) be the third derivative of -1/12*h**4 + 0*h + 0 - 1/2*h**3 + h**2. Suppose 5 = -5*n - 5. Give b(n).
1
Let q(j) = j. Suppose -2*x + 0 = -2. Let i be ((-2 - x)*1)/(-3). What is q(i)?
1
Let f(w) = -w**2 + 24. Let s be f(0). Let q be (s/(-16))/((-2)/(-4)). Let x(m) = -3*m - 3. Give x(q).
6
Let d(k) = 5*k**3 - k**2 + 6*k - 1. Let b(i) = 13 - 7*i - 2*i**3 - 2*i**3 - 12 + i**2. Let m(s) = 4*b(s) + 5*d(s). Determine m(1).
9
Suppose 0 = 4*r - 3*h - 28, r + 4*h = -3*r. Let o(q) = -q + 2 + q + q - q**3 - r. What is o(2)?
-8
Let c(u) = u. Let z(h) = -5. Let d(k) = 2*c(k) - z(k). What is d(-4)?
-3
Let g(y) = y**3 + y**2 - y + 9. Suppose 5*n - 3 = 7. Suppose 2*d + n = 2*r, 4 = 5*r - 4*d - 5. Suppose -3*h = -r*h. Give g(h).
9
Let j(a) = 4*a**2 - 3*a + 2. Let q(b) = 11*b**2 - 8*b + 5. Let w(f) = -8*j(f) + 3*q(f). Let u(o) = o**3 + 4*o**2 + 4*o. Let h be u(-3). Determine w(h).
8
Let h(w) = -w**3 + 4*w**2 + 6*w - 2. Let o be h(5). Let y(r) = 5*r + r**o - 7 - 3*r + 5*r**2 - 3*r. What is y(-5)?
-2
Let o(m) = -m - 8. Let f be o(-10). Let n(a) = a - 4*a + f*a + 2*a. Determine n(2).
2
Let r(o) = 5*o**2 + 2*o + 1. Let t(b) = 11*b**2 + 4*b + 2. Let u(v) = 7*r(v) - 3*t(v). Calculate u(-1).
1
Let g(j) = -2*j**3 - 3*j**2 - 4*j + 6. Let a(c) = 2*c**3 + 3*c**2 + 3*c - 5. Let n(l) = 4*a(l) + 3*g(l). Calculate n(-2).
-6
Suppose 2*r + 5*s + 14 = 5*r, 0 = r - 5*s - 8. Let z(p) = -2*p + 5 - p**3 + 3*p**2 - 3*p**3 + 5*p**r. Determine z(-4).
-3
Let j(g) be the first derivative of -3*g**2/2 + 3*g + 1. Suppose 2*r - 3*a = 1, 5 = r + a + 2. Give j(r).
-3
Suppose 11 = -5*p + 1. Let v(x) = -x - 1 + 2*x**3 + 0*x - x**3. Determine v(p).
-7
Let w(d) = -d**2 + 6*d + 7. Let v be w(5). Suppose 0 = -2*n - n + v. Let f(s) = s**2 - 3*s. Determine f(n).
4
Let f(q) = -q**3 + 12*q**2 - 10*q - 11. Let j(i) = -i**3 + 2*i**2 + 8*i - 4. Let a be j(3). Calculate f(a).
0
Let x(y) = 2 + 11*y**3 - y - 4 + 0 + 3. Give x(1).
11
Let v(b) = -3*b - 5. Suppose n - 14 = 3*n. Give v(n).
16
Let f(g) = g**2 - 8*g + 16*g - g - 3 - 5*g. What is f(-3)?
0
Let n(d) = -d - 7. Let q = 30 + -30. Give n(q).
-7
Let z(t) = t**2 - 7*t + 7. Let n be z(5). Let i be -2 - (-4)/(-6)*n. Suppose i = -0*l - l + 2*j + 5, 2*j + 6 = 0. Let x(k) = 9*k**2 - k - 1. Determine x(l).
9
Let l(r) = -1 + 15*r**2 - 34*r**2 + 18*r**2. Let n(f) = -f**3 + 6*f**2. Let c be n(6). Give l(c).
-1
Let x(p) = -3*p + 2. Suppose -4*l + 28 = -2*w, w = 2*l - 6*l + 10. Determine x(w).
20
Suppose 2*i = -i + 66. Suppose y = -5*l + i, 3*l + 7 - 51 = -5*y. Let d(b) = -b**3 + 8*b**2 - 8*b + 2. Determine d(y).
-5
Let q(u) = u**2 - 3. Suppose 5*i = 4*f + 2, -i - 3*i = -3*f - 1. Calculate q(f).
6
Let f(g) = 3 + 1 + 2 - g. Let p be f(4). Let k(i) = -2*i**2 - 5*i + 0 + 3*i**p + 3. Calculate k(3).
-3
Suppose -6 = -4*c + 2*c. Let w(v) = v**2 - 2*v - 1. Determine w(c).
2
Let c(j) = 8*j + 21 + j**2 + 4*j - 21. Determine c(-12).
0
Let c(k) = -k**2 + 5*k. Let v(b) = b**2 - 2*b + 1. Let z be v(2). Let y be (-3)/z*(-45)/27. Determine c(y).
0
Let g(q) = 0 + 11*q - 10*q - 14 + 1. What is g(0)?
-13
Let l(b) = b**3 - 7*b**2 - 5*b - 6. Let n(f) = 5 - 4*f**3 + 6*f**2 - f + 2*f**3 + 5*f + f**3. Let w(h) = 4*l(h) + 5*n(h). What is w(2)?
1
Let t(y) = -3*y**3 - y. Let z = 30 - 29. Calculate t(z).
-4
Let z(k) be the second derivative of -1/12*k**4 - 1/3*k**3 + 0 + 2*k - 3/2*k**2. Let b = 2 + -5. What is z(b)?
-6
Let c(k) = k - 11. Let s(h) = h - 1. Let z(f) = -c(f) + 5*s(f). Give z(-4).
-10
Let o(h) be the first derivative of -h**4/4 + 5*h**3/3 + h**2/2 - 6*h - 33. Give o(5).
-1
Let x = 17 - 10. Let f(s) = 5*s + 5. Let p(n) = 9*n + 9. Let u(o) = x*f(o) - 4*p(o). Determine u(1).
-2
Let h(t) be the first derivative of -t**4/12 + t**3/3 - t**2 + 2. Let d(a) be the second derivative of h(a). Suppose 20 = 3*u + 8. Determine d(u).
-6
Let p(s) = -5*s**2 + 2*s**2 + 2 + 3*s**2 - 2*s**2 - 5*s. Let o(m) = -m**3 + 7*m**2 - 4. Let f be o(7). Calculate p(f).
-10
Let o(i) = -2*i**2 + 4*i - 1. Let t(z) = -2*z - 2. Let l be t(-2). Let p = 10 + l. Suppose m + 6*x + p = 3*x, 4*m + 8 = -4*x. Determine o(m).
-7
Suppose -3*k = -8*k - 20. Let t(m) = -3*m - 6. Calculate t(k).
6
Let u(b) = 5*b**2 - 8*b. Let v be 0 + 2 - (0 - -4). Let l be v - -3*6/(-9). Let f(s) = s**2 - s + 1. Let k(p) = l*f(p) + u(p). Calculate k(3).
-7
Let g = -1 + -4. Let d = g + 4. Let w(x) = -13*x**2 - 7*x + 11. Let h(q) = 6*q**2 + 3*q - 5. Let z(s) = -9*h(s) - 4*w(s). Give z(d).
-2
Let p(v) = -3*v**2 - 8*v - 8. Let r(c) = -4*c**2 - 9*c - 8. Let j(a) = 3*p(a) - 2*r(a). Give j(-6).
-8
Let n = 480 + -477. Let c(q) be the first derivative of -2*q**3/3 + 3*q**2/2 + 4*q - 1. What is c(n)?
-5
Let p(v) be the third derivative of -v**5/60 + v**4/6 + v**3/2 - 13*v**2. Give p(3).
6
Let o(u) = -u**3 + 2. Let q(v) = -v. Let l be q(1). Let m be (l + 2 + -1)/3. Suppose -2*h - h = m. What is o(h)?
2
Suppose -3*v = -0*v - 12. Suppose 0 = -v*c + c. Let r = c - 2. Let j(g) = 2*g. Determine j(r).
-4
Let t(i) = -i + i + 3*i + 11*i**2 - 10. Let s(h) = -5*h**2 - h + 5. Let l(d) = 9*s(d) + 4*t(d). Determine l(5).
-5
Let d(r) = 1 + 5*r**3 + 2*r**3 - 8*r**3 - 4*r**2 - 2 + 4*r. Calculate d(-5).
4
Let x(m) = -m + 1. Let y(a) = -a**2 + 3*a - 4. Let g(h) = 2*x(h) + y(h). Let n(s) be the first derivative of g(s). Calculate n(1).
-1
Let t(l) = l**3 + 5*l**2 - 4*l + 7. Let j be t(-6). Let i(w) = w - 2 + 0*w + w. What is i(j)?
-12
Let t(i) be the third derivative of -i**6/20 + i**5/60 - i**4/12 + i**3/6 - 10*i**2. Determine t(1).
-6
Let c(w) = -17*w - 2. Let t(d) = -d - 2. Let q be t(-5). Let y(j) = 6*j + 1. Let s(a) = q*c(a) + 8*y(a). Give s(5).
-13
Let f(p) be the first derivative of p**2/2 - 3*p - 6. Calculate f(5).
2
Let t(c) = 5*c**3 - c. Let y(n) = -4*n**3 + n. Let m(d) = 5*t(d) + 4*y(d). Calculate m(-1).
-8
Let s(x) = 0*x + 2*x - x + 3 - 1. Determine s(5).
7
Suppose -2 - 2 = -4*v. Let y(z) = z**2 - z - 1. Let p(j) be the second derivative of j**5/5 + j**4/6 - 3*j**2/2 - 4*j. Let d(w) = p(w) - 2*y(w). Determine d(v).
5
Let n(f) be the second derivative of -f**3/2 - f**2/2 + f. Let m(u) = -u. Let z be m(-1). Calculate n(z).
-4
Let d(f) = f**3 - 7*f**2 + 6*f + 1. Let j be d(6). Let z(t) = 10*t**2. Give z(j).
10
Let w(p) be the first derivative of p**6/360 + p**5/30 + p**4/8 - p**3 - 3. Let f(u) be the third derivative of w(u). What is f(-5)?
8
Let n be (-1 + -1)*8/(-4). Let i(u) = 3*u - 5. What is i(n)?
7
Suppose l + 10 = 3*l. Suppose l*a - 31 = -4*x, 4*a - 32 = 4*x - 9*x. Let z(p) = -p**2 - 2*p + 1. Let m(i) = -i**2 - i. Let q(b) = 5*m(b) - 4*z(b). What is q(x)?
-8
Let t(d) = 2*d + 3. Suppose 110 = 17*o + 25. What is t(o)?
13
Let p(m) = 1 - m - 7*m**3 + 2*m**2 - m**2 + 0. Give p(1).
-6
Let x(q) be the third derivative of 0*q + q**2 + 0 - 2/15*q**5 + 1/24*q**4 + 1/6*q**3. Calculate x(-1).
-8
Let o(v) = 61*v - 123*v + 66*v + 7. What is o(6)?
31
Let c = -4 - -8. Let x be c*-2*2/8. Let h(m) = -3 + 6 + 0*m**3 + 2*m - m**3 + 0. Give h(x).
7
Let s(u) be the third derivative of u**6/120 + u**5/12 - 7*u**4/24 - 3*u**3/2 - 19*u**2 + 4*u. Suppose -t - 15 - 6 = -5*h, 5*h - 33 = 3*t. What is s(t)?
-3
Let h be (-3)/12 + (-26)/(-8). Let w(o) = h*o - 4*o + 2*o - 1 + 0. Calculate w(5).
4
Let w be 1*(6 - 2) - 2. Let z(s) = -4*s**2 + 5*s**w + 5*s - 4 - 2*s + 3. Determine z(-3).
-1
Let b(n) = -n**2 + 6*n - 2. Let a be b(5). Let p(o) = 5*o + 2*o**2 + a*o - 4*o + 2 + 1. Suppose 2*c + l = -7